{"id":96,"date":"2025-06-15T03:59:47","date_gmt":"2025-06-15T03:59:47","guid":{"rendered":"https:\/\/datxe.buituanhuy.click\/?page_id=96"},"modified":"2025-06-15T17:22:57","modified_gmt":"2025-06-15T17:22:57","slug":"nha-xe-tai-xe","status":"publish","type":"page","link":"https:\/\/dichvuxeghepgiare.com\/index.php\/nha-xe-tai-xe\/","title":{"rendered":"Nh\u00e0 xe &amp; t\u00e0i x\u1ebf"},"content":{"rendered":"\n\n\t<section class=\"section\" id=\"section_1351601027\">\n\t\t<div class=\"section-bg fill\" >\n\t\t\t\t\t\t\t\t\t\n\t\t\t\n\n\t\t<\/div>\n\n\t\t\n\n\t\t<div class=\"section-content relative\">\n\t\t\t\n\n<div class=\"row\"  id=\"row-833210764\">\n\n\n\t<div id=\"col-1733958442\" class=\"col medium-8 small-12 large-8\"  >\n\t\t\t\t<div class=\"col-inner\"  >\n\t\t\t\n\t\t\t\n\n<h1 class=\"titletrenmb\">Th\u01b0 M\u1eddi H\u1ee3p T\u00e1c: Nh\u00e0 Xe &amp; T\u00e0i X\u1ebf<\/h1>\n<p class=\"antrenmobile\">Th\u00e1ng m\u01b0\u1eddi m\u1ed9t 30, 2023<\/p>\n<hr \/>\n<div class=\"didongtext\">\u00a0<\/div>\n<div class=\"entry-content single-page\">\n<p><em>K\u00ednh g\u1eedi:\u00a0<strong>Qu\u00fd \u0111\u1ed1i t\u00e1c l\u00e0 ch\u1ee7 xe \u2013 nh\u00e0 xe<\/strong><\/em><\/p>\n<p>\u0110\u1ea7u ti\u00ean, \u0111\u1ed9i ng\u0169 \u0110\u1eb7tXeGi\u00e1R\u1ebb.Vn xin g\u1eedi t\u1edbi Qu\u00fd \u0111\u1ed1i t\u00e1c l\u1eddi ch\u00fac s\u1ee9c kh\u1ecfe, may m\u1eafn v\u00e0 th\u00e0nh c\u00f4ng.<\/p>\n<p>\u0110\u01b0\u1ee3c bi\u1ebft \u0111\u1ebfn l\u00e0 m\u1ed9t trong nh\u1eefng \u0111\u01a1n v\u1ecb h\u00e0ng \u0111\u1ea7u cung c\u1ea5p d\u1ecbch v\u1ee5 Taxi S\u00e2n Bay, \u0110\u1eb7t xe \u0111\u01b0\u1eddng d\u00e0i, cho thu\u00ea xe du l\u1ecbch, \u0110\u1eb7tXeGi\u00e1R\u1ebb.Vn c\u00f3 t\u1ed1c \u0111\u1ed9 ph\u00e1t tri\u1ec3n c\u1ef1c k\u1ef3 nhanh ch\u00f3ng.<\/p>\n<p>\u0110\u1ec3 ph\u1ee5c v\u1ee5 nhu c\u1ea7u kho\u1ea3ng\u00a0<strong>12.000 chuy\u1ebfn xe\/th\u00e1ng<\/strong>\u00a0v\u00e0 mong mu\u1ed1n \u0111\u1ea3m b\u1ea3o s\u1ef1 chuy\u00ean nghi\u1ec7p, t\u1eadn t\u00e2m v\u00e0 th\u00e2n thi\u1ec7n trong su\u1ed1t h\u00e0nh tr\u00ecnh ph\u1ee5c v\u1ee5 kh\u00e1ch h\u00e0ng s\u1eed d\u1ee5ng d\u1ecbch v\u1ee5.<\/p>\n<p>Ch\u00fang t\u00f4i xin g\u1eedi l\u1eddi m\u1eddi h\u1ee3p t\u00e1c, k\u1ebft n\u1ed1i ph\u00e1t tri\u1ec3n d\u1ecbch v\u1ee5 t\u1edbi:<\/p>\n<ul>\n<li aria-level=\"1\">C\u00e1c doanh nghi\u1ec7p v\u1eadn t\u1ea3i h\u00e0nh kh\u00e1ch<\/li>\n<li aria-level=\"1\">Ch\u1ee7 xe t\u1eeb 4 ch\u1ed7 \u0111\u1ebfn 45 ch\u1ed7<\/li>\n<li aria-level=\"1\">C\u00e1 nh\u00e2n c\u00f3 b\u1eb1ng l\u00e1i xe mu\u1ed1n li\u00ean h\u1ec7 h\u1ee3p t\u00e1c d\u1ecbch v\u1ee5 l\u00e1i xe h\u1ed9<\/li>\n<\/ul>\n<p>\u0110\u1ebfn v\u1edbi \u0110\u1eb7tXeGi\u00e1R\u1ebb.Vn Qu\u00fd \u0111\u1ed1i t\u00e1c c\u00f3 th\u1ec3 y\u00ean t\u00e2m v\u1ec1\u00a0<strong>S\u1ed1 l\u01b0\u1ee3ng chuy\u1ebfn xe \u2013 Ch\u1ea5t l\u01b0\u1ee3ng kh\u00e1ch h\u00e0ng<\/strong>\u00a0b\u1edfi:<\/p>\n<ul>\n<li aria-level=\"1\">Kh\u1ed1i l\u01b0\u1ee3ng kh\u00e1ch h\u00e0ng l\u1edbn, \u1ed5n \u0111\u1ecbnh v\u00e0 li\u00ean t\u1ee5c.<\/li>\n<li aria-level=\"1\">\u0110a d\u1ea1ng l\u1ef1a ch\u1ecdn \u0111i\u1ec3m \u0110\u00f3n \u2013 \u0110\u1ebfn ph\u00f9 h\u1ee3p \u0111\u1ec3 kh\u1edbp v\u1edbi xe r\u1ed7ng<\/li>\n<li aria-level=\"1\">Th\u1eddi gian l\u00e0m vi\u1ec7c linh ho\u1ea1t, s\u1eafp x\u1ebfp theo c\u00f4ng vi\u1ec7c c\u00e1 nh\u00e2n ho\u1eb7c th\u1eddi gian nh\u00e0n r\u1ed7i.<\/li>\n<\/ul>\n<p>\u201c<b>Mu\u00f4\u0301n \u0111i nhanh thi\u0300 \u0111i m\u00f4\u0323t mi\u0300nh, mu\u00f4\u0301n \u0111i xa thi\u0300 pha\u0309i \u0111i cu\u0300ng nhau<\/b>\u201d. \u0110\u1eb7tXeGi\u00e1R\u1ebb.Vn lu\u00f4n tr\u00e2n tr\u1ecdng m\u1ecdi s\u1ef1 h\u1ee3p t\u00e1c kinh doanh v\u1edbi Qu\u00fd \u0111\u1ed1i t\u00e1c d\u00f9 l\u00e0 c\u00e1 nh\u00e2n hay t\u1ed5 ch\u1ee9c l\u1edbn. K\u1ebft n\u1ed1i v\u1edbi ch\u00fang t\u00f4i h\u00f4m nay \u0111\u1ec3 nh\u1eadn th\u00f4ng tin ch\u00ednh s\u00e1ch, nh\u1eefng quy\u1ec1n l\u1ee3i nh\u1eadn \u0111\u01b0\u1ee3c qua:<\/p>\n<ul>\n<li aria-level=\"1\">Email:<a href=\"mailto:ketoan.smove@gmail.com\"><strong>\u00a0ketoan.smove@gmail.com<\/strong><\/a><\/li>\n<\/ul>\n<figure id=\"attachment_3716\" class=\"wp-caption aligncenter\" aria-describedby=\"caption-attachment-3716\"><img loading=\"lazy\" decoding=\"async\" class=\"size-full wp-image-3716 lazy-load-active\" src=\"https:\/\/datxegiare.vn\/wp-content\/uploads\/2023\/11\/thu-moi-hop-tac-nha-xe-tai-xe.jpg\" sizes=\"auto, (max-width: 1000px) 100vw, 1000px\" srcset=\"https:\/\/datxegiare.vn\/wp-content\/uploads\/2023\/11\/thu-moi-hop-tac-nha-xe-tai-xe.jpg 1000w, https:\/\/datxegiare.vn\/wp-content\/uploads\/2023\/11\/thu-moi-hop-tac-nha-xe-tai-xe-768x513.jpg 768w\" alt=\"Th\u01b0 M\u1eddi H\u1ee3p T\u00e1c: Nh\u00e0 Xe &amp; T\u00e0i X\u1ebf\" width=\"1000\" height=\"668\" data-src=\"https:\/\/datxegiare.vn\/wp-content\/uploads\/2023\/11\/thu-moi-hop-tac-nha-xe-tai-xe.jpg\" data-srcset=\"https:\/\/datxegiare.vn\/wp-content\/uploads\/2023\/11\/thu-moi-hop-tac-nha-xe-tai-xe.jpg 1000w, https:\/\/datxegiare.vn\/wp-content\/uploads\/2023\/11\/thu-moi-hop-tac-nha-xe-tai-xe-768x513.jpg 768w\" \/>\n<figcaption id=\"caption-attachment-3716\" class=\"wp-caption-text\">Th\u01b0 M\u1eddi H\u1ee3p T\u00e1c: Nh\u00e0 Xe &amp; T\u00e0i X\u1ebf<\/figcaption>\n<\/figure>\n<\/div>\n<div class=\"dxgr-box\">\n<p><strong style=\"color:#1a3bb8\">L\u00ean k\u1ebf ho\u1ea1ch cho chuy\u1ebfn \u0111i ti\u1ebfp theo c\u1ee7a b\u1ea1n v\u1edbi \u0110XGR!<\/strong><\/p>\n<p><strong>S\u1eafp c\u00f3 k\u1ebf ho\u1ea1ch di chuy\u1ec3n trong th\u1eddi gian t\u1edbi?<\/strong> \u0110\u1eb7t xe &#038; Thi\u1ebft l\u1eadp l\u1ecbch tr\u00ecnh c\u1ee7a b\u1ea1n c\u00f9ng \u0110\u1eb7t Xe Gi\u00e1 R\u1ebb v\u00e0 h\u01a1n th\u1ebf n\u1eefa:<\/p>\n<p>\u2713 <strong style=\"color:#f39800\">Taxi N\u1ed9i B\u00e0i Gi\u00e1 R\u1ebb:<\/strong> L\u1ef1a ch\u1ecdn t\u1ed1t nh\u1ea5t: Taxi S\u00e2n Bay 4 ch\u1ed7, <span style=\"color:#f39800\">Taxi S\u00e2n Bay 7 ch\u1ed7<\/span>, Taxi S\u00e2n Bay 9 ch\u1ed7, <span style=\"color:#f39800\">Taxi S\u00e2n Bay 16 ch\u1ed7<\/span><\/p>\n<p>\u2713 <strong style=\"color:#f39800\">Taxi \u0111i li\u00ean t\u1ec9nh:<\/strong><\/p>\n<p>\u2713 <strong style=\"color:#f39800\">\u0110\u1eb7t Xe Du l\u1ecbch:<\/strong> L\u1ef1a ch\u1ecdn t\u1ed1t nh\u1ea5t: \u0110\u1eb7t xe \u0111i t\u1ec9nh hai chi\u1ec1u, \u0110\u1eb7t xe 7 ch\u1ed7, <span style=\"color:#f39800\">\u0110\u1eb7t xe 16 ch\u1ed7<\/span>, <span style=\"color:#f39800\">\u0110\u1eb7t xe 45 ch\u1ed7<\/span><\/p>\n<p>\u2713 <span style=\"color:#f39800\">D\u1ecbch v\u1ee5 l\u00e1i xe h\u1ed9<\/span><\/p>\n<p><strong>\u2713 Xe gh\u00e9p gi\u00e1 r\u1ebb:<\/strong> Tuy\u1ebfn \u0111\u01b0\u1eddng h\u00e0ng \u0111\u1ea7u: Xe Gh\u00e9p H\u00e0 N\u1ed9i V\u0129nh Ph\u00fac, Xe Gh\u00e9p H\u00e0 N\u1ed9i B\u1eafc Giang, Xe Gh\u00e9p H\u00e0 N\u1ed9i H\u01b0ng Y\u00ean, Xe Gh\u00e9p H\u00e0 N\u1ed9i H\u00f2a B\u00ecnh<\/p>\n<\/div>\n\n\n\t\t<\/div>\n\t\t\t\t\t<\/div>\n\n\t\n\n\t<div id=\"col-1027692649\" class=\"col medium-4 small-12 large-4\"  >\n\t\t\t\t<div class=\"col-inner\"  >\n\t\t\t\n\t\t\t\n\n<div class=\"container section-title-container\" ><h3 class=\"section-title section-title-normal\"><b><\/b><span class=\"section-title-main\" style=\"font-size:95%;\">C\u00e1c b\u00e0i vi\u1ebft g\u1ea7n \u0111\u00e2y<\/span><b><\/b><\/h3><\/div>\n\n\n  \n    <div class=\"row large-columns-1 medium-columns-1 small-columns-1 row-collapse\" >\n  <div class=\"col post-item\" >\n\t\t\t<div class=\"col-inner\">\n\t\t\t\t<div class=\"box box-vertical box-text-middle box-blog-post has-hover\">\n            \t\t\t\t\t<div class=\"box-image\" >\n  \t\t\t\t\t\t<div class=\"image-cover\" style=\"padding-top:56.25%;\">\n\t\t\t\t\t\t\t<a href=\"https:\/\/dichvuxeghepgiare.com\/index.php\/2025\/06\/17\/dat-xe-taxi-di-san-bay-noi-bai-gia-re\/\" class=\"plain\" aria-label=\"\u0110\u1eb7t Xe Taxi \u0111i S\u00e2n Bay N\u1ed9i B\u00e0i Gi\u00e1 R\u1ebb\">\n\t\t\t\t\t\t\t\t<img loading=\"lazy\" decoding=\"async\" width=\"300\" height=\"300\" src=\"https:\/\/dichvuxeghepgiare.com\/wp-content\/uploads\/2025\/06\/dich-vu-dat-taxi-san-bay-noi-bai-1-768x768-1-300x300.jpg\" class=\"attachment-medium size-medium wp-post-image\" alt=\"\" srcset=\"https:\/\/dichvuxeghepgiare.com\/wp-content\/uploads\/2025\/06\/dich-vu-dat-taxi-san-bay-noi-bai-1-768x768-1-300x300.jpg 300w, https:\/\/dichvuxeghepgiare.com\/wp-content\/uploads\/2025\/06\/dich-vu-dat-taxi-san-bay-noi-bai-1-768x768-1-150x150.jpg 150w, https:\/\/dichvuxeghepgiare.com\/wp-content\/uploads\/2025\/06\/dich-vu-dat-taxi-san-bay-noi-bai-1-768x768-1-510x510.jpg 510w, https:\/\/dichvuxeghepgiare.com\/wp-content\/uploads\/2025\/06\/dich-vu-dat-taxi-san-bay-noi-bai-1-768x768-1-100x100.jpg 100w, https:\/\/dichvuxeghepgiare.com\/wp-content\/uploads\/2025\/06\/dich-vu-dat-taxi-san-bay-noi-bai-1-768x768-1.jpg 768w\" sizes=\"auto, (max-width: 300px) 100vw, 300px\" \/>\t\t\t\t\t\t\t<\/a>\n  \t\t\t\t\t\t\t  \t\t\t\t\t\t\t  \t\t\t\t\t\t<\/div>\n  \t\t\t\t\t\t  \t\t\t\t\t<\/div>\n          \t\t\t\t\t<div class=\"box-text text-center\" >\n\t\t\t\t\t<div class=\"box-text-inner blog-post-inner\">\n\n\t\t\t\t\t\n\t\t\t\t\t\t\t\t\t\t<h5 class=\"post-title is-large \">\n\t\t\t\t\t\t<a href=\"https:\/\/dichvuxeghepgiare.com\/index.php\/2025\/06\/17\/dat-xe-taxi-di-san-bay-noi-bai-gia-re\/\" class=\"plain\">\u0110\u1eb7t Xe Taxi \u0111i S\u00e2n Bay N\u1ed9i B\u00e0i Gi\u00e1 R\u1ebb<\/a>\n\t\t\t\t\t<\/h5>\n\t\t\t\t\t\t\t\t\t\t<div class=\"is-divider\"><\/div>\n\t\t\t\t\t                    \n\t\t\t\t\t\n\t\t\t\t\t\n\t\t\t\t\t<\/div>\n\t\t\t\t\t<\/div>\n\t\t\t\t\t\t\t\t\t<\/div>\n\t\t\t<\/div>\n\t\t<\/div><div class=\"col post-item\" >\n\t\t\t<div class=\"col-inner\">\n\t\t\t\t<div class=\"box box-vertical box-text-middle box-blog-post has-hover\">\n            \t\t\t\t\t<div class=\"box-image\" >\n  \t\t\t\t\t\t<div class=\"image-cover\" style=\"padding-top:56.25%;\">\n\t\t\t\t\t\t\t<a href=\"https:\/\/dichvuxeghepgiare.com\/index.php\/2025\/06\/17\/top-5-xe-limousine-ha-noi-hai-duong-gia-re-dich-vu-tot-nhat\/\" class=\"plain\" aria-label=\"Top 5 xe limousine H\u00e0 N\u1ed9i H\u1ea3i D\u01b0\u01a1ng gi\u00e1 r\u1ebb, d\u1ecbch v\u1ee5 t\u1ed1t nh\u1ea5t\">\n\t\t\t\t\t\t\t\t<img loading=\"lazy\" decoding=\"async\" width=\"300\" height=\"225\" src=\"https:\/\/dichvuxeghepgiare.com\/wp-content\/uploads\/2025\/06\/datxegiare-7-768x575-1-300x225.jpg\" class=\"attachment-medium size-medium wp-post-image\" alt=\"\" srcset=\"https:\/\/dichvuxeghepgiare.com\/wp-content\/uploads\/2025\/06\/datxegiare-7-768x575-1-300x225.jpg 300w, https:\/\/dichvuxeghepgiare.com\/wp-content\/uploads\/2025\/06\/datxegiare-7-768x575-1-510x382.jpg 510w, https:\/\/dichvuxeghepgiare.com\/wp-content\/uploads\/2025\/06\/datxegiare-7-768x575-1.jpg 768w\" sizes=\"auto, (max-width: 300px) 100vw, 300px\" \/>\t\t\t\t\t\t\t<\/a>\n  \t\t\t\t\t\t\t  \t\t\t\t\t\t\t  \t\t\t\t\t\t<\/div>\n  \t\t\t\t\t\t  \t\t\t\t\t<\/div>\n          \t\t\t\t\t<div class=\"box-text text-center\" >\n\t\t\t\t\t<div class=\"box-text-inner blog-post-inner\">\n\n\t\t\t\t\t\n\t\t\t\t\t\t\t\t\t\t<h5 class=\"post-title is-large \">\n\t\t\t\t\t\t<a href=\"https:\/\/dichvuxeghepgiare.com\/index.php\/2025\/06\/17\/top-5-xe-limousine-ha-noi-hai-duong-gia-re-dich-vu-tot-nhat\/\" class=\"plain\">Top 5 xe limousine H\u00e0 N\u1ed9i H\u1ea3i D\u01b0\u01a1ng gi\u00e1 r\u1ebb, d\u1ecbch v\u1ee5 t\u1ed1t nh\u1ea5t<\/a>\n\t\t\t\t\t<\/h5>\n\t\t\t\t\t\t\t\t\t\t<div class=\"is-divider\"><\/div>\n\t\t\t\t\t                    \n\t\t\t\t\t\n\t\t\t\t\t\n\t\t\t\t\t<\/div>\n\t\t\t\t\t<\/div>\n\t\t\t\t\t\t\t\t\t<\/div>\n\t\t\t<\/div>\n\t\t<\/div><div class=\"col post-item\" >\n\t\t\t<div class=\"col-inner\">\n\t\t\t\t<div class=\"box box-vertical box-text-middle box-blog-post has-hover\">\n            \t\t\t\t\t<div class=\"box-image\" >\n  \t\t\t\t\t\t<div class=\"image-cover\" style=\"padding-top:56.25%;\">\n\t\t\t\t\t\t\t<a href=\"https:\/\/dichvuxeghepgiare.com\/index.php\/2025\/06\/17\/bang-gia-cho-thue-xe-16-cho-tai-tp-hcm\/\" class=\"plain\" aria-label=\"B\u1ea3ng gi\u00e1 cho thu\u00ea xe 16 ch\u1ed7 t\u1ea1i TP HCM\">\n\t\t\t\t\t\t\t\t<img loading=\"lazy\" decoding=\"async\" width=\"300\" height=\"225\" src=\"https:\/\/dichvuxeghepgiare.com\/wp-content\/uploads\/2025\/06\/2898c2970c0eb350ea1f-768x576-1-300x225.jpg\" class=\"attachment-medium size-medium wp-post-image\" alt=\"\" srcset=\"https:\/\/dichvuxeghepgiare.com\/wp-content\/uploads\/2025\/06\/2898c2970c0eb350ea1f-768x576-1-300x225.jpg 300w, https:\/\/dichvuxeghepgiare.com\/wp-content\/uploads\/2025\/06\/2898c2970c0eb350ea1f-768x576-1-510x383.jpg 510w, https:\/\/dichvuxeghepgiare.com\/wp-content\/uploads\/2025\/06\/2898c2970c0eb350ea1f-768x576-1.jpg 768w\" sizes=\"auto, (max-width: 300px) 100vw, 300px\" \/>\t\t\t\t\t\t\t<\/a>\n  \t\t\t\t\t\t\t  \t\t\t\t\t\t\t  \t\t\t\t\t\t<\/div>\n  \t\t\t\t\t\t  \t\t\t\t\t<\/div>\n          \t\t\t\t\t<div class=\"box-text text-center\" >\n\t\t\t\t\t<div class=\"box-text-inner blog-post-inner\">\n\n\t\t\t\t\t\n\t\t\t\t\t\t\t\t\t\t<h5 class=\"post-title is-large \">\n\t\t\t\t\t\t<a href=\"https:\/\/dichvuxeghepgiare.com\/index.php\/2025\/06\/17\/bang-gia-cho-thue-xe-16-cho-tai-tp-hcm\/\" class=\"plain\">B\u1ea3ng gi\u00e1 cho thu\u00ea xe 16 ch\u1ed7 t\u1ea1i TP HCM<\/a>\n\t\t\t\t\t<\/h5>\n\t\t\t\t\t\t\t\t\t\t<div class=\"is-divider\"><\/div>\n\t\t\t\t\t                    \n\t\t\t\t\t\n\t\t\t\t\t\n\t\t\t\t\t<\/div>\n\t\t\t\t\t<\/div>\n\t\t\t\t\t\t\t\t\t<\/div>\n\t\t\t<\/div>\n\t\t<\/div><\/div>\n\n\n\t\t<\/div>\n\t\t\t\t\t<\/div>\n\n\t\n\n<\/div>\n\n\t\t<\/div>\n\n\t\t\n<style>\n#section_1351601027 {\n  padding-top: 30px;\n  padding-bottom: 30px;\n}\n<\/style>\n\t<\/section>\n\t\n\n","protected":false},"excerpt":{"rendered":"","protected":false},"author":1,"featured_media":0,"parent":0,"menu_order":0,"comment_status":"closed","ping_status":"closed","template":"","meta":{"footnotes":""},"class_list":["post-96","page","type-page","status-publish","hentry"],"_links":{"self":[{"href":"https:\/\/dichvuxeghepgiare.com\/index.php\/wp-json\/wp\/v2\/pages\/96","targetHints":{"allow":["GET"]}}],"collection":[{"href":"https:\/\/dichvuxeghepgiare.com\/index.php\/wp-json\/wp\/v2\/pages"}],"about":[{"href":"https:\/\/dichvuxeghepgiare.com\/index.php\/wp-json\/wp\/v2\/types\/page"}],"author":[{"embeddable":true,"href":"https:\/\/dichvuxeghepgiare.com\/index.php\/wp-json\/wp\/v2\/users\/1"}],"replies":[{"embeddable":true,"href":"https:\/\/dichvuxeghepgiare.com\/index.php\/wp-json\/wp\/v2\/comments?post=96"}],"version-history":[{"count":9,"href":"https:\/\/dichvuxeghepgiare.com\/index.php\/wp-json\/wp\/v2\/pages\/96\/revisions"}],"predecessor-version":[{"id":203,"href":"https:\/\/dichvuxeghepgiare.com\/index.php\/wp-json\/wp\/v2\/pages\/96\/revisions\/203"}],"wp:attachment":[{"href":"https:\/\/dichvuxeghepgiare.com\/index.php\/wp-json\/wp\/v2\/media?parent=96"}],"curies":[{"name":"wp","href":"https:\/\/api.w.org\/{rel}","templated":true}]}}